{"id":88,"date":"2019-12-17T04:02:21","date_gmt":"2019-12-17T04:02:21","guid":{"rendered":"http:\/\/shtheme.org\/demosd\/domex\/?page_id=88"},"modified":"2021-08-10T19:48:34","modified_gmt":"2021-08-10T19:48:34","slug":"kontakt","status":"publish","type":"page","link":"https:\/\/wczasydoris.pl\/index.php\/kontakt\/","title":{"rendered":"Kontakt"},"content":{"rendered":"\t\t<div data-elementor-type=\"wp-post\" data-elementor-id=\"88\" class=\"elementor elementor-88\" data-elementor-settings=\"[]\">\n\t\t\t\t\t\t\t<div class=\"elementor-section-wrap\">\n\t\t\t\t\t\t\t<section class=\"elementor-section elementor-top-section elementor-element elementor-element-0bcde7f elementor-section-boxed elementor-section-height-default elementor-section-height-default\" data-id=\"0bcde7f\" data-element_type=\"section\" data-settings=\"{&quot;background_background&quot;:&quot;classic&quot;}\">\n\t\t\t\t\t\t\t<div class=\"elementor-background-overlay\"><\/div>\n\t\t\t\t\t\t\t<div class=\"elementor-container elementor-column-gap-default\">\n\t\t\t\t\t<div class=\"elementor-column elementor-col-100 elementor-top-column elementor-element elementor-element-40b1afa\" data-id=\"40b1afa\" data-element_type=\"column\">\n\t\t\t<div class=\"elementor-widget-wrap elementor-element-populated\">\n\t\t\t\t\t\t\t\t<section class=\"elementor-section elementor-inner-section elementor-element elementor-element-cf14586 elementor-section-content-middle elementor-section-boxed elementor-section-height-default elementor-section-height-default\" data-id=\"cf14586\" data-element_type=\"section\">\n\t\t\t\t\t\t<div class=\"elementor-container elementor-column-gap-default\">\n\t\t\t\t\t<div class=\"elementor-column elementor-col-50 elementor-inner-column elementor-element elementor-element-8006831\" data-id=\"8006831\" data-element_type=\"column\">\n\t\t\t<div class=\"elementor-widget-wrap elementor-element-populated\">\n\t\t\t\t\t\t\t\t<div class=\"elementor-element elementor-element-8d2eccf elementor-widget elementor-widget-heading\" data-id=\"8d2eccf\" data-element_type=\"widget\" data-widget_type=\"heading.default\">\n\t\t\t\t<div class=\"elementor-widget-container\">\n\t\t\t<h2 class=\"elementor-heading-title elementor-size-default\">Wybierz nadmorski wypoczynek w Domkach Doris.<\/h2>\t\t<\/div>\n\t\t\t\t<\/div>\n\t\t\t\t<div class=\"elementor-element elementor-element-980c992 elementor-widget elementor-widget-text-editor\" data-id=\"980c992\" data-element_type=\"widget\" data-widget_type=\"text-editor.default\">\n\t\t\t\t<div class=\"elementor-widget-container\">\n\t\t\t\t\t<div class=\"elementor-text-editor elementor-clearfix\"><p><strong>\u00a0Z<\/strong><strong>arezerwuj telefonicznie b\u0105d\u017a mailowo pobyt nad morzem w Stegnie.<\/strong><\/p><\/div>\n\t\t\t\t<\/div>\n\t\t\t\t<\/div>\n\t\t\t\t\t<\/div>\n\t\t<\/div>\n\t\t\t\t<div class=\"elementor-column elementor-col-50 elementor-inner-column elementor-element elementor-element-8105dc2\" data-id=\"8105dc2\" data-element_type=\"column\">\n\t\t\t<div class=\"elementor-widget-wrap\">\n\t\t\t\t\t\t\t\t\t<\/div>\n\t\t<\/div>\n\t\t\t\t\t\t\t<\/div>\n\t\t<\/section>\n\t\t\t\t\t<\/div>\n\t\t<\/div>\n\t\t\t\t\t\t\t<\/div>\n\t\t<\/section>\n\t\t\t\t<section class=\"elementor-section elementor-top-section elementor-element elementor-element-7bf9dc5 elementor-section-boxed elementor-section-height-default elementor-section-height-default\" data-id=\"7bf9dc5\" data-element_type=\"section\">\n\t\t\t\t\t\t<div class=\"elementor-container elementor-column-gap-default\">\n\t\t\t\t\t<div class=\"elementor-column elementor-col-33 elementor-top-column elementor-element elementor-element-89b54f1\" data-id=\"89b54f1\" data-element_type=\"column\" data-settings=\"{&quot;background_background&quot;:&quot;classic&quot;}\">\n\t\t\t<div class=\"elementor-widget-wrap elementor-element-populated\">\n\t\t\t\t\t\t\t\t<div class=\"elementor-element elementor-element-c6610ba elementor-position-top elementor-vertical-align-top elementor-widget elementor-widget-image-box\" data-id=\"c6610ba\" data-element_type=\"widget\" data-widget_type=\"image-box.default\">\n\t\t\t\t<div class=\"elementor-widget-container\">\n\t\t\t<div class=\"elementor-image-box-wrapper\"><figure class=\"elementor-image-box-img\"><a href=\"tel:.667%20695%20566\"><img src=\"https:\/\/wczasydoris.pl\/wp-content\/uploads\/elementor\/thumbs\/telefon-pb7qu4i20pnbru4b8q2tzbvruykmcc4zwfqaml67a4.png\" title=\"telefon\" alt=\"telefon\" class=\"elementor-animation-shrink\" \/><\/a><\/figure><div class=\"elementor-image-box-content\"><h3 class=\"elementor-image-box-title\"><a href=\"tel:.667%20695%20566\">Telefon<\/a><\/h3><p class=\"elementor-image-box-description\">667 695 566<\/p><\/div><\/div>\t\t<\/div>\n\t\t\t\t<\/div>\n\t\t\t\t\t<\/div>\n\t\t<\/div>\n\t\t\t\t<div class=\"elementor-column elementor-col-33 elementor-top-column elementor-element elementor-element-d0975ba\" data-id=\"d0975ba\" data-element_type=\"column\" data-settings=\"{&quot;background_background&quot;:&quot;classic&quot;}\">\n\t\t\t<div class=\"elementor-widget-wrap elementor-element-populated\">\n\t\t\t\t\t\t\t\t<div class=\"elementor-element elementor-element-03cd5eb elementor-position-top elementor-vertical-align-top elementor-widget elementor-widget-image-box\" data-id=\"03cd5eb\" data-element_type=\"widget\" data-widget_type=\"image-box.default\">\n\t\t\t\t<div class=\"elementor-widget-container\">\n\t\t\t<div class=\"elementor-image-box-wrapper\"><figure class=\"elementor-image-box-img\"><a href=\"https:\/\/www.google.com\/maps\/dir\/\/wczasydoris,+Gda%C5%84ska+45,+82-103+Stegna\/@54.3300187,19.078435,12.77z\/data=!4m9!4m8!1m0!1m5!1m1!1s0x46fd3f81e2267011:0xca03dd34069ca120!2m2!1d19.102882!2d54.328512!3e0\" target=\"_blank\"><img src=\"https:\/\/wczasydoris.pl\/wp-content\/uploads\/elementor\/thumbs\/location-pin-pb7qu5fw7jom3g2y38hgjtn8gcfzk18q8kds3v4t3w.png\" title=\"location-pin\" alt=\"location-pin\" class=\"elementor-animation-shrink\" \/><\/a><\/figure><div class=\"elementor-image-box-content\"><h3 class=\"elementor-image-box-title\"><a href=\"https:\/\/www.google.com\/maps\/dir\/\/wczasydoris,+Gda%C5%84ska+45,+82-103+Stegna\/@54.3300187,19.078435,12.77z\/data=!4m9!4m8!1m0!1m5!1m1!1s0x46fd3f81e2267011:0xca03dd34069ca120!2m2!1d19.102882!2d54.328512!3e0\" target=\"_blank\">Adres<\/a><\/h3><p class=\"elementor-image-box-description\">Ul. Gda\u0144ska 45<br>82-103 Stegna<\/p><\/div><\/div>\t\t<\/div>\n\t\t\t\t<\/div>\n\t\t\t\t\t<\/div>\n\t\t<\/div>\n\t\t\t\t<div class=\"elementor-column elementor-col-33 elementor-top-column elementor-element elementor-element-e71b2ee\" data-id=\"e71b2ee\" data-element_type=\"column\" data-settings=\"{&quot;background_background&quot;:&quot;classic&quot;}\">\n\t\t\t<div class=\"elementor-widget-wrap elementor-element-populated\">\n\t\t\t\t\t\t\t\t<div class=\"elementor-element elementor-element-e3ddb6b elementor-position-top elementor-vertical-align-top elementor-widget elementor-widget-image-box\" data-id=\"e3ddb6b\" data-element_type=\"widget\" data-widget_type=\"image-box.default\">\n\t\t\t\t<div class=\"elementor-widget-container\">\n\t\t\t<div class=\"elementor-image-box-wrapper\"><figure class=\"elementor-image-box-img\"><a href=\"mailto:.kontakt@wczasydoris.pl\"><img src=\"https:\/\/wczasydoris.pl\/wp-content\/uploads\/elementor\/thumbs\/email-pb7qu4i20pnbru4b8q2tzbvruykmcc4zwfqaml67a4.png\" title=\"email\" alt=\"email\" class=\"elementor-animation-shrink\" \/><\/a><\/figure><div class=\"elementor-image-box-content\"><h3 class=\"elementor-image-box-title\"><a href=\"mailto:.kontakt@wczasydoris.pl\">E-mail<\/a><\/h3><p class=\"elementor-image-box-description\">kontakt@wczasydoris.pl<\/p><\/div><\/div>\t\t<\/div>\n\t\t\t\t<\/div>\n\t\t\t\t\t<\/div>\n\t\t<\/div>\n\t\t\t\t\t\t\t<\/div>\n\t\t<\/section>\n\t\t\t\t<section class=\"elementor-section elementor-top-section elementor-element elementor-element-030ed1c elementor-section-boxed elementor-section-height-default elementor-section-height-default\" data-id=\"030ed1c\" data-element_type=\"section\">\n\t\t\t\t\t\t<div class=\"elementor-container elementor-column-gap-default\">\n\t\t\t\t\t<div class=\"elementor-column elementor-col-50 elementor-top-column elementor-element elementor-element-7dd9e4e\" data-id=\"7dd9e4e\" data-element_type=\"column\">\n\t\t\t<div class=\"elementor-widget-wrap elementor-element-populated\">\n\t\t\t\t\t\t\t\t<div class=\"elementor-element elementor-element-40adc0a elementor-widget elementor-widget-heading\" data-id=\"40adc0a\" data-element_type=\"widget\" data-widget_type=\"heading.default\">\n\t\t\t\t<div class=\"elementor-widget-container\">\n\t\t\t<h2 class=\"elementor-heading-title elementor-size-default\">Formularz kontaktowy<\/h2>\t\t<\/div>\n\t\t\t\t<\/div>\n\t\t\t\t<div class=\"elementor-element elementor-element-6cb7cd0 elementor-widget elementor-widget-text-editor\" data-id=\"6cb7cd0\" data-element_type=\"widget\" data-widget_type=\"text-editor.default\">\n\t\t\t\t<div class=\"elementor-widget-container\">\n\t\t\t\t\t<div class=\"elementor-text-editor elementor-clearfix\"><p style=\"text-align: center;\">Na ka\u017cdego maila staramy si\u0119 odpowiada\u0107 w ci\u0105gu 24 godzin.<\/p><\/div>\n\t\t\t\t<\/div>\n\t\t\t\t<\/div>\n\t\t\t\t<div class=\"elementor-element elementor-element-fd3e833 elementor-widget elementor-widget-image\" data-id=\"fd3e833\" data-element_type=\"widget\" data-widget_type=\"image.default\">\n\t\t\t\t<div class=\"elementor-widget-container\">\n\t\t\t\t\t<div class=\"elementor-image\">\n\t\t\t\t\t\t\t\t\t\t<img width=\"300\" height=\"300\" src=\"https:\/\/wczasydoris.pl\/wp-content\/uploads\/2021\/08\/DorisStegna-1-300x300.jpg\" class=\"elementor-animation-rotate attachment-medium size-medium\" alt=\"\" loading=\"lazy\" srcset=\"https:\/\/wczasydoris.pl\/wp-content\/uploads\/2021\/08\/DorisStegna-1-300x300.jpg 300w, https:\/\/wczasydoris.pl\/wp-content\/uploads\/2021\/08\/DorisStegna-1-150x150.jpg 150w, https:\/\/wczasydoris.pl\/wp-content\/uploads\/2021\/08\/DorisStegna-1.jpg 400w\" sizes=\"(max-width: 300px) 100vw, 300px\" \/>\t\t\t\t\t\t\t\t\t\t\t<\/div>\n\t\t\t\t<\/div>\n\t\t\t\t<\/div>\n\t\t\t\t\t<\/div>\n\t\t<\/div>\n\t\t\t\t<div class=\"elementor-column elementor-col-50 elementor-top-column elementor-element elementor-element-1ceb434\" data-id=\"1ceb434\" data-element_type=\"column\">\n\t\t\t<div class=\"elementor-widget-wrap elementor-element-populated\">\n\t\t\t\t\t\t\t\t<div class=\"elementor-element elementor-element-fc95fd4 elementor-widget elementor-widget-shortcode\" data-id=\"fc95fd4\" data-element_type=\"widget\" data-widget_type=\"shortcode.default\">\n\t\t\t\t<div class=\"elementor-widget-container\">\n\t\t\t\t\t<div class=\"elementor-shortcode\"><div role=\"form\" class=\"wpcf7\" id=\"wpcf7-f797-o1\" lang=\"pl-PL\" dir=\"ltr\">\n<div class=\"screen-reader-response\"><p role=\"status\" aria-live=\"polite\" aria-atomic=\"true\"><\/p> <ul><\/ul><\/div>\n<form action=\"\/index.php\/wp-json\/wp\/v2\/pages\/88#wpcf7-f797-o1\" method=\"post\" class=\"wpcf7-form init\" novalidate=\"novalidate\" data-status=\"init\">\n<div style=\"display: none;\">\n<input type=\"hidden\" name=\"_wpcf7\" value=\"797\" \/>\n<input type=\"hidden\" name=\"_wpcf7_version\" value=\"5.4.2\" \/>\n<input type=\"hidden\" name=\"_wpcf7_locale\" value=\"pl_PL\" \/>\n<input type=\"hidden\" name=\"_wpcf7_unit_tag\" value=\"wpcf7-f797-o1\" \/>\n<input type=\"hidden\" name=\"_wpcf7_container_post\" value=\"0\" \/>\n<input type=\"hidden\" name=\"_wpcf7_posted_data_hash\" value=\"\" \/>\n<input type=\"hidden\" name=\"_wpcf7_recaptcha_response\" value=\"\" \/>\n<\/div>\n<p><label> Twoje imi\u0119<br \/>\n    <span class=\"wpcf7-form-control-wrap your-name\"><input type=\"text\" name=\"your-name\" value=\"\" size=\"40\" class=\"wpcf7-form-control wpcf7-text wpcf7-validates-as-required\" aria-required=\"true\" aria-invalid=\"false\" \/><\/span> <\/label><\/p>\n<p><label> Tw\u00f3j email<br \/>\n    <span class=\"wpcf7-form-control-wrap your-email\"><input type=\"email\" name=\"your-email\" value=\"\" size=\"40\" class=\"wpcf7-form-control wpcf7-text wpcf7-email wpcf7-validates-as-required wpcf7-validates-as-email\" aria-required=\"true\" aria-invalid=\"false\" \/><\/span> <\/label><\/p>\n<p><label> Twoja wiadomo\u015bci (opcjonalne)<br \/>\n    <span class=\"wpcf7-form-control-wrap your-message\"><textarea name=\"your-message\" cols=\"40\" rows=\"10\" class=\"wpcf7-form-control wpcf7-textarea\" aria-invalid=\"false\"><\/textarea><\/span> <\/label><\/p>\n<span class=\"wpcf7-form-control-wrap recaptcha\"><span data-sitekey=\"6Lc0Zd8bAAAAABqk3smcS7Z-ICBiVUaJ_EEGPKKB\" class=\"wpcf7-form-control g-recaptcha wpcf7-recaptcha\"><\/span>\r\n<noscript>\r\n\t<div class=\"grecaptcha-noscript\">\r\n\t\t<iframe loading=\"lazy\" src=\"https:\/\/www.google.com\/recaptcha\/api\/fallback?k=6Lc0Zd8bAAAAABqk3smcS7Z-ICBiVUaJ_EEGPKKB\" frameborder=\"0\" scrolling=\"no\" width=\"310\" height=\"430\">\r\n\t\t<\/iframe>\r\n\t\t<textarea name=\"g-recaptcha-response\" rows=\"3\" cols=\"40\" placeholder=\"reCaptcha Response Here\">\r\n\t\t<\/textarea>\r\n\t<\/div>\r\n<\/noscript>\r\n<\/span>\n<p><input type=\"submit\" value=\"Wy\u015blij\" class=\"wpcf7-form-control wpcf7-submit\" \/><\/p>\n<div class=\"wpcf7-response-output\" aria-hidden=\"true\"><\/div><\/form><\/div><\/div>\n\t\t\t\t<\/div>\n\t\t\t\t<\/div>\n\t\t\t\t\t<\/div>\n\t\t<\/div>\n\t\t\t\t\t\t\t<\/div>\n\t\t<\/section>\n\t\t\t\t<section class=\"elementor-section elementor-top-section elementor-element elementor-element-0286a70 elementor-section-full_width elementor-section-stretched elementor-section-height-default elementor-section-height-default\" data-id=\"0286a70\" data-element_type=\"section\" data-settings=\"{&quot;stretch_section&quot;:&quot;section-stretched&quot;}\">\n\t\t\t\t\t\t<div class=\"elementor-container elementor-column-gap-default\">\n\t\t\t\t\t<div class=\"elementor-column elementor-col-100 elementor-top-column elementor-element elementor-element-80ab640\" data-id=\"80ab640\" data-element_type=\"column\">\n\t\t\t<div class=\"elementor-widget-wrap elementor-element-populated\">\n\t\t\t\t\t\t\t\t<div class=\"elementor-element elementor-element-8ac22c3 elementor-widget elementor-widget-google_maps\" data-id=\"8ac22c3\" data-element_type=\"widget\" data-widget_type=\"google_maps.default\">\n\t\t\t\t<div class=\"elementor-widget-container\">\n\t\t\t<div class=\"elementor-custom-embed\"><iframe frameborder=\"0\" scrolling=\"no\" marginheight=\"0\" marginwidth=\"0\" src=\"https:\/\/maps.google.com\/maps?q=doris%20stegna&amp;t=m&amp;z=11&amp;output=embed&amp;iwloc=near\" title=\"doris stegna\" aria-label=\"doris stegna\"><\/iframe><\/div>\t\t<\/div>\n\t\t\t\t<\/div>\n\t\t\t\t\t<\/div>\n\t\t<\/div>\n\t\t\t\t\t\t\t<\/div>\n\t\t<\/section>\n\t\t\t\t\t\t<\/div>\n\t\t\t\t\t<\/div>\n\t\t","protected":false},"excerpt":{"rendered":"<p>Wybierz nadmorski wypoczynek w Domkach Doris. &nbsp;Zarezerwuj telefonicznie b\u0105d\u017a mailowo pobyt nad morzem w Stegnie. Telefon 667 695 566 Adres Ul. Gda\u0144ska 45 82-103 Stegna E-mail kontakt@wczasydoris.pl Formularz kontaktowy Na ka\u017cdego maila staramy si\u0119 odpowiada\u0107 w ci\u0105gu 24 godzin.<\/p>\n","protected":false},"author":1,"featured_media":514,"parent":0,"menu_order":0,"comment_status":"closed","ping_status":"closed","template":"elementor_header_footer","meta":[],"yoast_head":"<!-- This site is optimized with the Yoast SEO plugin v16.9 - https:\/\/yoast.com\/wordpress\/plugins\/seo\/ -->\n<title>Kontakt &bull; Wczasy Doris Stegna &bull; Mierzeja Wi\u015blana noclegi<\/title>\n<meta name=\"description\" content=\"Kontakt adres mapka dojazdowa email numer telefonu rezerwacje\" \/>\n<meta name=\"robots\" content=\"index, follow, max-snippet:-1, max-image-preview:large, max-video-preview:-1\" \/>\n<link rel=\"canonical\" href=\"https:\/\/wczasydoris.pl\/index.php\/kontakt\/\" \/>\n<meta property=\"og:locale\" content=\"pl_PL\" \/>\n<meta property=\"og:type\" content=\"article\" \/>\n<meta property=\"og:title\" content=\"Kontakt &bull; Wczasy Doris Stegna &bull; Mierzeja Wi\u015blana noclegi\" \/>\n<meta property=\"og:description\" content=\"Kontakt adres mapka dojazdowa email numer telefonu rezerwacje\" \/>\n<meta property=\"og:url\" content=\"https:\/\/wczasydoris.pl\/index.php\/kontakt\/\" \/>\n<meta property=\"og:site_name\" content=\"Wczasy Doris Stegna\" \/>\n<meta property=\"article:publisher\" content=\"https:\/\/www.facebook.com\/profile.php?id=100009230281409\" \/>\n<meta property=\"article:modified_time\" content=\"2021-08-10T19:48:34+00:00\" \/>\n<meta property=\"og:image\" content=\"https:\/\/wczasydoris.pl\/wp-content\/uploads\/2021\/08\/DomkiDorisStegna-DJI_0368-internet.jpg\" \/>\n\t<meta property=\"og:image:width\" content=\"1280\" \/>\n\t<meta property=\"og:image:height\" content=\"719\" \/>\n<meta name=\"twitter:card\" content=\"summary_large_image\" \/>\n<meta name=\"twitter:label1\" content=\"Szacowany czas czytania\" \/>\n\t<meta name=\"twitter:data1\" content=\"1 minuta\" \/>\n<script type=\"application\/ld+json\" class=\"yoast-schema-graph\">{\"@context\":\"https:\/\/schema.org\",\"@graph\":[{\"@type\":\"Organization\",\"@id\":\"https:\/\/wczasydoris.pl\/#organization\",\"name\":\"Pokoje i Domki Doris w Stegnie\",\"url\":\"https:\/\/wczasydoris.pl\/\",\"sameAs\":[\"https:\/\/www.facebook.com\/profile.php?id=100009230281409\"],\"logo\":{\"@type\":\"ImageObject\",\"@id\":\"https:\/\/wczasydoris.pl\/#logo\",\"inLanguage\":\"pl-PL\",\"url\":\"https:\/\/wczasydoris.pl\/wp-content\/uploads\/2021\/08\/wczasydoris1500.png\",\"contentUrl\":\"https:\/\/wczasydoris.pl\/wp-content\/uploads\/2021\/08\/wczasydoris1500.png\",\"width\":1500,\"height\":321,\"caption\":\"Pokoje i Domki Doris w Stegnie\"},\"image\":{\"@id\":\"https:\/\/wczasydoris.pl\/#logo\"}},{\"@type\":\"WebSite\",\"@id\":\"https:\/\/wczasydoris.pl\/#website\",\"url\":\"https:\/\/wczasydoris.pl\/\",\"name\":\"Pokoje i Domki Doris w Stegnie\",\"description\":\"Pokoje i Domki Doris w Stegnie | Mierzeja Wi\\u015blana\",\"publisher\":{\"@id\":\"https:\/\/wczasydoris.pl\/#organization\"},\"potentialAction\":[{\"@type\":\"SearchAction\",\"target\":{\"@type\":\"EntryPoint\",\"urlTemplate\":\"https:\/\/wczasydoris.pl\/?s={search_term_string}\"},\"query-input\":\"required name=search_term_string\"}],\"inLanguage\":\"pl-PL\"},{\"@type\":\"ImageObject\",\"@id\":\"https:\/\/wczasydoris.pl\/index.php\/kontakt\/#primaryimage\",\"inLanguage\":\"pl-PL\",\"url\":\"https:\/\/wczasydoris.pl\/wp-content\/uploads\/2021\/08\/DomkiDorisStegna-DJI_0368-internet.jpg\",\"contentUrl\":\"https:\/\/wczasydoris.pl\/wp-content\/uploads\/2021\/08\/DomkiDorisStegna-DJI_0368-internet.jpg\",\"width\":1280,\"height\":719},{\"@type\":\"WebPage\",\"@id\":\"https:\/\/wczasydoris.pl\/index.php\/kontakt\/#webpage\",\"url\":\"https:\/\/wczasydoris.pl\/index.php\/kontakt\/\",\"name\":\"Kontakt &bull; Wczasy Doris Stegna &bull; Mierzeja Wi\\u015blana noclegi\",\"isPartOf\":{\"@id\":\"https:\/\/wczasydoris.pl\/#website\"},\"primaryImageOfPage\":{\"@id\":\"https:\/\/wczasydoris.pl\/index.php\/kontakt\/#primaryimage\"},\"datePublished\":\"2019-12-17T04:02:21+00:00\",\"dateModified\":\"2021-08-10T19:48:34+00:00\",\"description\":\"Kontakt adres mapka dojazdowa email numer telefonu rezerwacje\",\"breadcrumb\":{\"@id\":\"https:\/\/wczasydoris.pl\/index.php\/kontakt\/#breadcrumb\"},\"inLanguage\":\"pl-PL\",\"potentialAction\":[{\"@type\":\"ReadAction\",\"target\":[\"https:\/\/wczasydoris.pl\/index.php\/kontakt\/\"]}]},{\"@type\":\"BreadcrumbList\",\"@id\":\"https:\/\/wczasydoris.pl\/index.php\/kontakt\/#breadcrumb\",\"itemListElement\":[{\"@type\":\"ListItem\",\"position\":1,\"name\":\"Strona g\\u0142\\u00f3wna\",\"item\":\"https:\/\/wczasydoris.pl\/\"},{\"@type\":\"ListItem\",\"position\":2,\"name\":\"Kontakt\"}]}]}<\/script>\n<!-- \/ Yoast SEO plugin. -->","yoast_head_json":{"title":"Kontakt &bull; Wczasy Doris Stegna &bull; Mierzeja Wi\u015blana noclegi","description":"Kontakt adres mapka dojazdowa email numer telefonu rezerwacje","robots":{"index":"index","follow":"follow","max-snippet":"max-snippet:-1","max-image-preview":"max-image-preview:large","max-video-preview":"max-video-preview:-1"},"canonical":"https:\/\/wczasydoris.pl\/index.php\/kontakt\/","og_locale":"pl_PL","og_type":"article","og_title":"Kontakt &bull; Wczasy Doris Stegna &bull; Mierzeja Wi\u015blana noclegi","og_description":"Kontakt adres mapka dojazdowa email numer telefonu rezerwacje","og_url":"https:\/\/wczasydoris.pl\/index.php\/kontakt\/","og_site_name":"Wczasy Doris Stegna","article_publisher":"https:\/\/www.facebook.com\/profile.php?id=100009230281409","article_modified_time":"2021-08-10T19:48:34+00:00","og_image":[{"width":1280,"height":719,"url":"https:\/\/wczasydoris.pl\/wp-content\/uploads\/2021\/08\/DomkiDorisStegna-DJI_0368-internet.jpg","path":"\/home\/dorisste\/public_html\/wp-content\/uploads\/2021\/08\/DomkiDorisStegna-DJI_0368-internet.jpg","size":"full","id":514,"alt":"","pixels":920320,"type":"image\/jpeg"}],"twitter_card":"summary_large_image","twitter_misc":{"Szacowany czas czytania":"1 minuta"},"schema":{"@context":"https:\/\/schema.org","@graph":[{"@type":"Organization","@id":"https:\/\/wczasydoris.pl\/#organization","name":"Pokoje i Domki Doris w Stegnie","url":"https:\/\/wczasydoris.pl\/","sameAs":["https:\/\/www.facebook.com\/profile.php?id=100009230281409"],"logo":{"@type":"ImageObject","@id":"https:\/\/wczasydoris.pl\/#logo","inLanguage":"pl-PL","url":"https:\/\/wczasydoris.pl\/wp-content\/uploads\/2021\/08\/wczasydoris1500.png","contentUrl":"https:\/\/wczasydoris.pl\/wp-content\/uploads\/2021\/08\/wczasydoris1500.png","width":1500,"height":321,"caption":"Pokoje i Domki Doris w Stegnie"},"image":{"@id":"https:\/\/wczasydoris.pl\/#logo"}},{"@type":"WebSite","@id":"https:\/\/wczasydoris.pl\/#website","url":"https:\/\/wczasydoris.pl\/","name":"Pokoje i Domki Doris w Stegnie","description":"Pokoje i Domki Doris w Stegnie | Mierzeja Wi\u015blana","publisher":{"@id":"https:\/\/wczasydoris.pl\/#organization"},"potentialAction":[{"@type":"SearchAction","target":{"@type":"EntryPoint","urlTemplate":"https:\/\/wczasydoris.pl\/?s={search_term_string}"},"query-input":"required name=search_term_string"}],"inLanguage":"pl-PL"},{"@type":"ImageObject","@id":"https:\/\/wczasydoris.pl\/index.php\/kontakt\/#primaryimage","inLanguage":"pl-PL","url":"https:\/\/wczasydoris.pl\/wp-content\/uploads\/2021\/08\/DomkiDorisStegna-DJI_0368-internet.jpg","contentUrl":"https:\/\/wczasydoris.pl\/wp-content\/uploads\/2021\/08\/DomkiDorisStegna-DJI_0368-internet.jpg","width":1280,"height":719},{"@type":"WebPage","@id":"https:\/\/wczasydoris.pl\/index.php\/kontakt\/#webpage","url":"https:\/\/wczasydoris.pl\/index.php\/kontakt\/","name":"Kontakt &bull; Wczasy Doris Stegna &bull; Mierzeja Wi\u015blana noclegi","isPartOf":{"@id":"https:\/\/wczasydoris.pl\/#website"},"primaryImageOfPage":{"@id":"https:\/\/wczasydoris.pl\/index.php\/kontakt\/#primaryimage"},"datePublished":"2019-12-17T04:02:21+00:00","dateModified":"2021-08-10T19:48:34+00:00","description":"Kontakt adres mapka dojazdowa email numer telefonu rezerwacje","breadcrumb":{"@id":"https:\/\/wczasydoris.pl\/index.php\/kontakt\/#breadcrumb"},"inLanguage":"pl-PL","potentialAction":[{"@type":"ReadAction","target":["https:\/\/wczasydoris.pl\/index.php\/kontakt\/"]}]},{"@type":"BreadcrumbList","@id":"https:\/\/wczasydoris.pl\/index.php\/kontakt\/#breadcrumb","itemListElement":[{"@type":"ListItem","position":1,"name":"Strona g\u0142\u00f3wna","item":"https:\/\/wczasydoris.pl\/"},{"@type":"ListItem","position":2,"name":"Kontakt"}]}]}},"_links":{"self":[{"href":"https:\/\/wczasydoris.pl\/index.php\/wp-json\/wp\/v2\/pages\/88"}],"collection":[{"href":"https:\/\/wczasydoris.pl\/index.php\/wp-json\/wp\/v2\/pages"}],"about":[{"href":"https:\/\/wczasydoris.pl\/index.php\/wp-json\/wp\/v2\/types\/page"}],"author":[{"embeddable":true,"href":"https:\/\/wczasydoris.pl\/index.php\/wp-json\/wp\/v2\/users\/1"}],"replies":[{"embeddable":true,"href":"https:\/\/wczasydoris.pl\/index.php\/wp-json\/wp\/v2\/comments?post=88"}],"version-history":[{"count":51,"href":"https:\/\/wczasydoris.pl\/index.php\/wp-json\/wp\/v2\/pages\/88\/revisions"}],"predecessor-version":[{"id":1060,"href":"https:\/\/wczasydoris.pl\/index.php\/wp-json\/wp\/v2\/pages\/88\/revisions\/1060"}],"wp:featuredmedia":[{"embeddable":true,"href":"https:\/\/wczasydoris.pl\/index.php\/wp-json\/wp\/v2\/media\/514"}],"wp:attachment":[{"href":"https:\/\/wczasydoris.pl\/index.php\/wp-json\/wp\/v2\/media?parent=88"}],"curies":[{"name":"wp","href":"https:\/\/api.w.org\/{rel}","templated":true}]}}