{"id":97,"date":"2019-12-17T08:07:23","date_gmt":"2019-12-17T08:07:23","guid":{"rendered":"http:\/\/shtheme.org\/demosd\/domex\/?page_id=97"},"modified":"2021-08-10T10:28:05","modified_gmt":"2021-08-10T10:28:05","slug":"regulamin","status":"publish","type":"page","link":"https:\/\/wczasydoris.pl\/index.php\/regulamin\/","title":{"rendered":"Regulamin"},"content":{"rendered":"\t\t<div data-elementor-type=\"wp-post\" data-elementor-id=\"97\" class=\"elementor elementor-97\" data-elementor-settings=\"[]\">\n\t\t\t\t\t\t\t<div class=\"elementor-section-wrap\">\n\t\t\t\t\t\t\t<section class=\"elementor-section elementor-top-section elementor-element elementor-element-1e3e917 elementor-section-boxed elementor-section-height-default elementor-section-height-default\" data-id=\"1e3e917\" data-element_type=\"section\">\n\t\t\t\t\t\t<div class=\"elementor-container elementor-column-gap-default\">\n\t\t\t\t\t<div class=\"elementor-column elementor-col-100 elementor-top-column elementor-element elementor-element-7b2f496\" data-id=\"7b2f496\" data-element_type=\"column\">\n\t\t\t<div class=\"elementor-widget-wrap elementor-element-populated\">\n\t\t\t\t\t\t\t\t<div class=\"elementor-element elementor-element-99bdea1 elementor-widget elementor-widget-text-editor\" data-id=\"99bdea1\" data-element_type=\"widget\" data-widget_type=\"text-editor.default\">\n\t\t\t\t<div class=\"elementor-widget-container\">\n\t\t\t\t\t<div class=\"elementor-text-editor elementor-clearfix\"><ol><li><span style=\"color: #333333;\">W sezonie wysokim (czerwiec-sierpie\u0144) pokoje i domki wynajmujemy na minimum 5 dni. Przy d\u0142u\u017cszych pobytach mo\u017cliwe negocjacje.<\/span><\/li><li><span style=\"color: #333333;\">Doba hotelowa rozpoczyna si\u0119 o godz. 14:00 w dniu przyjazdu, a ko\u0144czy o godz. 10:00 w dniu wyjazdu.<\/span><\/li><li><span style=\"color: #333333;\">Nale\u017cno\u015b\u0107 za pobyt jest pobierana w dniu przyjazdu<\/span><\/li><li><span style=\"color: #333333;\">Zadatek za pobyt nie jest zwracany w przypadku rezygnacji<\/span><\/li><li><span style=\"color: #333333;\">W przypadku niewykorzystania ca\u0142o\u015bci lub cz\u0119\u015bci pobytu w zarezerwowanym wcze\u015bniej terminie, go\u015bciom nie przys\u0142uguje zwrot zap\u0142aconej kwoty ani obni\u017cenie ceny us\u0142ugi za niewykorzystany okres.<\/span><\/li><li><span style=\"color: #333333;\">Nie ponosimy odpowiedzialno\u015bci z tytu\u0142u utraty lub uszkodzenia mienia go\u015bci.<\/span><\/li><li><span style=\"color: #333333;\">Go\u015b\u0107 ponosi odpowiedzialno\u015b\u0107 za uszkodzenia wyposa\u017cenia i urz\u0105dze\u0144 technicznych z jego winy.<\/span><\/li><li><span style=\"color: #333333;\">W domkach obowi\u0105zuje bezwzgl\u0119dny zakaz u\u017cywania w\u0142asnego sprz\u0119tu elektrycznego i gazowego typu: grzejnik, grill elektryczny, mikrofala, frytkownica, farelka itp.<\/span><\/li><li><span style=\"color: #333333;\">Na terenie ca\u0142ego obiektu obowi\u0105zuje zakaz palenia papieros\u00f3w z wyj\u0105tkiem miejsc do tego przygotowanych i oznaczonych.<\/span><\/li><li><span style=\"color: #333333;\">Korzystanie z urz\u0105dze\u0144 znajduj\u0105cych si\u0119 na placu zabaw wy\u0142\u0105cznie pod nadzorem doros\u0142ych opiekun\u00f3w. Gospodarze nie ponosz\u0105 odpowiedzialno\u015bci za wypadku.<\/span><\/li><li><span style=\"color: #333333;\">W naszym obiekcie obowi\u0105zuje cisza nocna od 22:00 do 6:00<\/span><\/li><\/ol><p>\u00a0<\/p><p><span style=\"color: #333333;\"><strong>W\u0142a\u015bciciele<\/strong><\/span><\/p><\/div>\n\t\t\t\t<\/div>\n\t\t\t\t<\/div>\n\t\t\t\t\t<\/div>\n\t\t<\/div>\n\t\t\t\t\t\t\t<\/div>\n\t\t<\/section>\n\t\t\t\t\t\t<\/div>\n\t\t\t\t\t<\/div>\n\t\t","protected":false},"excerpt":{"rendered":"<p>W sezonie wysokim (czerwiec-sierpie\u0144) pokoje i domki wynajmujemy na minimum 5 dni. Przy d\u0142u\u017cszych pobytach mo\u017cliwe negocjacje. Doba hotelowa rozpoczyna si\u0119 o godz. 14:00 w dniu przyjazdu, a ko\u0144czy o godz. 10:00 w dniu wyjazdu. Nale\u017cno\u015b\u0107 za pobyt jest pobierana w dniu przyjazdu Zadatek za pobyt nie jest zwracany w przypadku rezygnacji W przypadku niewykorzystania [&hellip;]<\/p>\n","protected":false},"author":1,"featured_media":0,"parent":0,"menu_order":0,"comment_status":"closed","ping_status":"closed","template":"","meta":[],"yoast_head":"<!-- This site is optimized with the Yoast SEO plugin v16.9 - https:\/\/yoast.com\/wordpress\/plugins\/seo\/ -->\n<title>Regulamin &bull; Wczasy Doris Stegna<\/title>\n<meta name=\"robots\" content=\"index, follow, max-snippet:-1, max-image-preview:large, max-video-preview:-1\" \/>\n<link rel=\"canonical\" href=\"https:\/\/wczasydoris.pl\/index.php\/regulamin\/\" \/>\n<meta property=\"og:locale\" content=\"pl_PL\" \/>\n<meta property=\"og:type\" content=\"article\" \/>\n<meta property=\"og:title\" content=\"Regulamin &bull; Wczasy Doris Stegna\" \/>\n<meta property=\"og:description\" content=\"W sezonie wysokim (czerwiec-sierpie\u0144) pokoje i domki wynajmujemy na minimum 5 dni. Przy d\u0142u\u017cszych pobytach mo\u017cliwe negocjacje. Doba hotelowa rozpoczyna si\u0119 o godz. 14:00 w dniu przyjazdu, a ko\u0144czy o godz. 10:00 w dniu wyjazdu. Nale\u017cno\u015b\u0107 za pobyt jest pobierana w dniu przyjazdu Zadatek za pobyt nie jest zwracany w przypadku rezygnacji W przypadku niewykorzystania [&hellip;]\" \/>\n<meta property=\"og:url\" content=\"https:\/\/wczasydoris.pl\/index.php\/regulamin\/\" \/>\n<meta property=\"og:site_name\" content=\"Wczasy Doris Stegna\" \/>\n<meta property=\"article:publisher\" content=\"https:\/\/www.facebook.com\/profile.php?id=100009230281409\" \/>\n<meta property=\"article:modified_time\" content=\"2021-08-10T10:28:05+00:00\" \/>\n<meta name=\"twitter:card\" content=\"summary_large_image\" \/>\n<meta name=\"twitter:label1\" content=\"Szacowany czas czytania\" \/>\n\t<meta name=\"twitter:data1\" content=\"1 minuta\" \/>\n<script type=\"application\/ld+json\" class=\"yoast-schema-graph\">{\"@context\":\"https:\/\/schema.org\",\"@graph\":[{\"@type\":\"Organization\",\"@id\":\"https:\/\/wczasydoris.pl\/#organization\",\"name\":\"Pokoje i Domki Doris w Stegnie\",\"url\":\"https:\/\/wczasydoris.pl\/\",\"sameAs\":[\"https:\/\/www.facebook.com\/profile.php?id=100009230281409\"],\"logo\":{\"@type\":\"ImageObject\",\"@id\":\"https:\/\/wczasydoris.pl\/#logo\",\"inLanguage\":\"pl-PL\",\"url\":\"https:\/\/wczasydoris.pl\/wp-content\/uploads\/2021\/08\/wczasydoris1500.png\",\"contentUrl\":\"https:\/\/wczasydoris.pl\/wp-content\/uploads\/2021\/08\/wczasydoris1500.png\",\"width\":1500,\"height\":321,\"caption\":\"Pokoje i Domki Doris w Stegnie\"},\"image\":{\"@id\":\"https:\/\/wczasydoris.pl\/#logo\"}},{\"@type\":\"WebSite\",\"@id\":\"https:\/\/wczasydoris.pl\/#website\",\"url\":\"https:\/\/wczasydoris.pl\/\",\"name\":\"Pokoje i Domki Doris w Stegnie\",\"description\":\"Pokoje i Domki Doris w Stegnie | Mierzeja Wi\\u015blana\",\"publisher\":{\"@id\":\"https:\/\/wczasydoris.pl\/#organization\"},\"potentialAction\":[{\"@type\":\"SearchAction\",\"target\":{\"@type\":\"EntryPoint\",\"urlTemplate\":\"https:\/\/wczasydoris.pl\/?s={search_term_string}\"},\"query-input\":\"required name=search_term_string\"}],\"inLanguage\":\"pl-PL\"},{\"@type\":\"WebPage\",\"@id\":\"https:\/\/wczasydoris.pl\/index.php\/regulamin\/#webpage\",\"url\":\"https:\/\/wczasydoris.pl\/index.php\/regulamin\/\",\"name\":\"Regulamin &bull; Wczasy Doris Stegna\",\"isPartOf\":{\"@id\":\"https:\/\/wczasydoris.pl\/#website\"},\"datePublished\":\"2019-12-17T08:07:23+00:00\",\"dateModified\":\"2021-08-10T10:28:05+00:00\",\"breadcrumb\":{\"@id\":\"https:\/\/wczasydoris.pl\/index.php\/regulamin\/#breadcrumb\"},\"inLanguage\":\"pl-PL\",\"potentialAction\":[{\"@type\":\"ReadAction\",\"target\":[\"https:\/\/wczasydoris.pl\/index.php\/regulamin\/\"]}]},{\"@type\":\"BreadcrumbList\",\"@id\":\"https:\/\/wczasydoris.pl\/index.php\/regulamin\/#breadcrumb\",\"itemListElement\":[{\"@type\":\"ListItem\",\"position\":1,\"name\":\"Strona g\\u0142\\u00f3wna\",\"item\":\"https:\/\/wczasydoris.pl\/\"},{\"@type\":\"ListItem\",\"position\":2,\"name\":\"Regulamin\"}]}]}<\/script>\n<!-- \/ Yoast SEO plugin. -->","yoast_head_json":{"title":"Regulamin &bull; Wczasy Doris Stegna","robots":{"index":"index","follow":"follow","max-snippet":"max-snippet:-1","max-image-preview":"max-image-preview:large","max-video-preview":"max-video-preview:-1"},"canonical":"https:\/\/wczasydoris.pl\/index.php\/regulamin\/","og_locale":"pl_PL","og_type":"article","og_title":"Regulamin &bull; Wczasy Doris Stegna","og_description":"W sezonie wysokim (czerwiec-sierpie\u0144) pokoje i domki wynajmujemy na minimum 5 dni. Przy d\u0142u\u017cszych pobytach mo\u017cliwe negocjacje. Doba hotelowa rozpoczyna si\u0119 o godz. 14:00 w dniu przyjazdu, a ko\u0144czy o godz. 10:00 w dniu wyjazdu. Nale\u017cno\u015b\u0107 za pobyt jest pobierana w dniu przyjazdu Zadatek za pobyt nie jest zwracany w przypadku rezygnacji W przypadku niewykorzystania [&hellip;]","og_url":"https:\/\/wczasydoris.pl\/index.php\/regulamin\/","og_site_name":"Wczasy Doris Stegna","article_publisher":"https:\/\/www.facebook.com\/profile.php?id=100009230281409","article_modified_time":"2021-08-10T10:28:05+00:00","twitter_card":"summary_large_image","twitter_misc":{"Szacowany czas czytania":"1 minuta"},"schema":{"@context":"https:\/\/schema.org","@graph":[{"@type":"Organization","@id":"https:\/\/wczasydoris.pl\/#organization","name":"Pokoje i Domki Doris w Stegnie","url":"https:\/\/wczasydoris.pl\/","sameAs":["https:\/\/www.facebook.com\/profile.php?id=100009230281409"],"logo":{"@type":"ImageObject","@id":"https:\/\/wczasydoris.pl\/#logo","inLanguage":"pl-PL","url":"https:\/\/wczasydoris.pl\/wp-content\/uploads\/2021\/08\/wczasydoris1500.png","contentUrl":"https:\/\/wczasydoris.pl\/wp-content\/uploads\/2021\/08\/wczasydoris1500.png","width":1500,"height":321,"caption":"Pokoje i Domki Doris w Stegnie"},"image":{"@id":"https:\/\/wczasydoris.pl\/#logo"}},{"@type":"WebSite","@id":"https:\/\/wczasydoris.pl\/#website","url":"https:\/\/wczasydoris.pl\/","name":"Pokoje i Domki Doris w Stegnie","description":"Pokoje i Domki Doris w Stegnie | Mierzeja Wi\u015blana","publisher":{"@id":"https:\/\/wczasydoris.pl\/#organization"},"potentialAction":[{"@type":"SearchAction","target":{"@type":"EntryPoint","urlTemplate":"https:\/\/wczasydoris.pl\/?s={search_term_string}"},"query-input":"required name=search_term_string"}],"inLanguage":"pl-PL"},{"@type":"WebPage","@id":"https:\/\/wczasydoris.pl\/index.php\/regulamin\/#webpage","url":"https:\/\/wczasydoris.pl\/index.php\/regulamin\/","name":"Regulamin &bull; Wczasy Doris Stegna","isPartOf":{"@id":"https:\/\/wczasydoris.pl\/#website"},"datePublished":"2019-12-17T08:07:23+00:00","dateModified":"2021-08-10T10:28:05+00:00","breadcrumb":{"@id":"https:\/\/wczasydoris.pl\/index.php\/regulamin\/#breadcrumb"},"inLanguage":"pl-PL","potentialAction":[{"@type":"ReadAction","target":["https:\/\/wczasydoris.pl\/index.php\/regulamin\/"]}]},{"@type":"BreadcrumbList","@id":"https:\/\/wczasydoris.pl\/index.php\/regulamin\/#breadcrumb","itemListElement":[{"@type":"ListItem","position":1,"name":"Strona g\u0142\u00f3wna","item":"https:\/\/wczasydoris.pl\/"},{"@type":"ListItem","position":2,"name":"Regulamin"}]}]}},"_links":{"self":[{"href":"https:\/\/wczasydoris.pl\/index.php\/wp-json\/wp\/v2\/pages\/97"}],"collection":[{"href":"https:\/\/wczasydoris.pl\/index.php\/wp-json\/wp\/v2\/pages"}],"about":[{"href":"https:\/\/wczasydoris.pl\/index.php\/wp-json\/wp\/v2\/types\/page"}],"author":[{"embeddable":true,"href":"https:\/\/wczasydoris.pl\/index.php\/wp-json\/wp\/v2\/users\/1"}],"replies":[{"embeddable":true,"href":"https:\/\/wczasydoris.pl\/index.php\/wp-json\/wp\/v2\/comments?post=97"}],"version-history":[{"count":4,"href":"https:\/\/wczasydoris.pl\/index.php\/wp-json\/wp\/v2\/pages\/97\/revisions"}],"predecessor-version":[{"id":980,"href":"https:\/\/wczasydoris.pl\/index.php\/wp-json\/wp\/v2\/pages\/97\/revisions\/980"}],"wp:attachment":[{"href":"https:\/\/wczasydoris.pl\/index.php\/wp-json\/wp\/v2\/media?parent=97"}],"curies":[{"name":"wp","href":"https:\/\/api.w.org\/{rel}","templated":true}]}}